*h + 60 = -18. Let q(s) be the first derivative of s**2/2 - s - 6. Calculate q(h).
2
Let a(k) = 2*k + 140*k**3 - 22*k**2 - 21*k**2 - 16 - 138*k**3 + 5*k**2. Give a(19).
22
Let y(z) = -7*z**3 + 4*z**2 - 3*z. Suppose 298*f = 241 - 28 + 85. Determine y(f).
-6
Let r(p) = -7*p**3 + p. Let q be (42/(-28))/(2*(-6)/16). Suppose 0 = 12*c - 10*c - q. Determine r(c).
-6
Let s(r) = -5*r - 112. Let f(x) = 2*x**3 - 90*x**2 - 91*x - 69. Let j be f(46). Calculate s(j).
3
Let y(z) = -z - 3. Let g be y(-6). Suppose 0 = 4*l - 4*f + 20, -3*l - g + 0 = f. Let h(m) = -m**2 + 152 + 77 + 85 + 3*m - 312. Give h(l).
-8
Let c(v) = -2*v**2 - 43*v - 122. Let m be c(-18). Let w(d) be the second derivative of 1/2*d**2 + 1/4*d**m + 4*d - 1/20*d**5 + 0 - 1/2*d**3. Determine w(2).
-1
Let a = 1365 - 1371. Let j(h) = -8*h - 5. Give j(a).
43
Let s(m) = -2*m - 3. Suppose 5*b = -20, 5*b = 5*z - 2*z - 47. Let c(k) = 3*k - 24. Let u be c(z). Suppose a = 5*d + 7, 0 - 9 = u*a. Give s(d).
1
Let k(j) be the first derivative of -j**3 - 3*j**2 + 2*j - 7. Let z(c) = -c**3 + c**2 - c + 1. Let h(q) = -k(q) + z(q). Let a = -14 - -19. Determine h(a).
-1
Let w be (-5)/(0 + 2/6). Let h(r) be the second derivative of -r**4/12 - 3*r**3 - 37*r**2/2 - 52*r + 14. Determine h(w).
8
Suppose 4*m - 840 = 16*m. Let j = 68 + m. Let o(h) = 4*h**2 - 3*h. Let i(q) = q**2 + 1. Let u(v) = j*i(v) + o(v). Give u(-2).
12
Let y(k) be the first derivative of k**5/120 + 3*k**4/4 + 101*k**3/3 - k**2 - 187. Let q(b) be the third derivative of y(b). Give q(0).
18
Let q = 17 - 9. Suppose 3*u - 115 = 41. Let f be (-67)/13 + q/u. Let v(s) = -2*s - 5. What is v(f)?
5
Let a be (-2)/10 - (735/300*4 + 1). Let z(u) = 7*u + 60. Determine z(a).
-17
Let d(x) = 0*x - x**3 - 3*x**2 + 1 + x**2 - x**2 - x. Let r(v) = 4*v - 25. Let y be r(7). Suppose -2*q + y*f + 1 = -1, -2*q = 4*f + 12. What is d(q)?
-1
Let p(r) = -6*r + 4 + 5*r + 5*r. Let l be p(-2). Let z(f) be the first derivative of -f**4/4 - 2*f**3/3 + 3*f**2 + 3*f - 63. Determine z(l).
11
Let q(p) = p**3 - 2*p**2 + 3*p - 1. Let i be q(2). Let f(b) be the second derivative of -b**3/6 + 2*b**2 - 4170*b. What is f(i)?
-1
Let i(u) = -6*u**2 + 52*u + 18. Let q(r) = 23*r**2 - 195*r - 73. Let y(m) = -15*i(m) - 4*q(m). What is y(-7)?
-76
Let y(p) = 8*p**3 + 21*p - 1. Let h(z) = 14*z**3 + z**2 + 37*z + 1. Let a(w) = 3*h(w) - 5*y(w). Calculate a(-3).
-37
Let h(u) = -u**2 - u**3 - u**3 + u - 7 + u**3. Let m be 258/(-344) - (-9)/12. Determine h(m).
-7
Let o = -29971 - -29966. Let k(x) = x**3 + 7*x**2 + 14*x + 16. What is k(o)?
-4
Let l(j) = 63*j + j**3 + 26 - 21*j**2 + 4*j - 74*j. Determine l(21).
-121
Let s(g) = 2*g**3 + 9*g**2 - 11*g + 7. Let z(t) = t**3. Let k(b) = s(b) - 3*z(b). Suppose u - 12 = -33*c + 32*c, 0 = -3*u + 12. Give k(c).
-17
Let n(q) = q**2 + 17*q + 41. Let p be n(-4). Let u(a) be the first derivative of a**2 + 12*a + 9. Determine u(p).
-10
Let f(l) be the first derivative of l**6/360 - l**5/40 - l**4/12 + 73*l**3/3 - 206. Let w(h) be the third derivative of f(h). Determine w(6).
16
Let t(l) = -l**3 - 2*l**2 - 3. Let y(d) = d**2 + 34*d + 282. Let f be y(-19). Give t(f).
6
Let r(s) = 16*s**3 - 5*s**2 - 3*s + 98. Let g(q) = -q**3 - q**2 + 25. Let m(f) = 4*g(f) - r(f). Determine m(-1).
20
Suppose 3*w - 12*w = -27. Suppose -w*b + 40 = -8*t + 4*t, 4*b - 20 = 2*t. Let d(r) = -r**2 - 13*r + 1. Calculate d(t).
31
Let y(p) = -p**2 - p + 47. Let j(u) = -100*u + 1700. Let b be j(17). Calculate y(b).
47
Let y(t) = 11*t**2 - 24*t + 3. Let r(w) = w**2 + 24*w + 116. Let h be r(-6). Let j(o) = 4*o**2 - 8*o + 1. Let d(f) = h*j(f) - 3*y(f). Calculate d(6).
11
Let r = 4 - 9. Let o be -2 - (r + 0) - 5. Let c(h) = -h**2 - 349 + 2*h - 333 + 684. Calculate c(o).
-6
Let u(j) = -2*j - 3. Let f be -5 + 7 + 0/(9/3). Suppose -61 = -f*i + 5*h, 0 = -3*i - 2*h - h + 60. Suppose 5*b - t = -0*b + i, 2*b - 3*t = 17. Calculate u(b).
-11
Suppose -4*y + 23 = -3*j, -6*y + 35 = -5*j - y. Let d(z) be the second derivative of -z**4/12 - 5*z**3/6 - 13286*z. Determine d(j).
0
Suppose -425 = -86*g - 941. Let h(v) = v**2 + 13*v + 39. Calculate h(g).
-3
Let k be ((-9)/(-15))/(48/160). Let u(v) = 5 - 6 + 6*v - 2*v - 7*v + v**k. Let a(z) = z**3 - 2. Let s be a(2). Calculate u(s).
17
Let f(l) = 4*l - 31. Let x be f(11). Suppose 3*m = 16*m + x. Let i(o) = 10*o**3 + 2*o**2 + 2*o + 1. What is i(m)?
-9
Let u(k) = -k**3 - 6*k**2 - 5*k - 1. Let b be -8*(3 + (-4)/1). Let f be b/20 - 216/(-10). Suppose -f = 2*m - 12. Determine u(m).
-1
Suppose 0 = -f - f + 82. Let h(n) = 60*n + 2241. Let l be h(-37). Let t(z) = f + 15*z**2 - l - 21. Determine t(1).
14
Let p = 383 + -543. Let w = 167 + p. Let r(i) = -i + 9. What is r(w)?
2
Let y(a) = 5*a**3 - a**3 - 3*a**3 + 3*a - 5*a**2 + 4. Let z(g) = -g + 1. Let r(k) = -k**2 - 8*k + 70. Let c(b) = -r(b) - 2*z(b). Let o be c(5). What is y(o)?
-5
Suppose m = -3*n + 52 + 19, -5*m = -5*n + 85. Let f(g) = -g**3 + 22*g**2 + 17. Give f(n).
17
Let i = -67 + 39. Let b = i + 30. Suppose -b*v + 0*v = -4. Let c(l) = l**3 - 2*l + 2. What is c(v)?
6
Suppose -49*a = 558 - 117. Let g(y) = -3*y - 24. Give g(a).
3
Let s(w) = -w + 6. Suppose -100 - 212 = 12*a. Let n = 23 + a. Determine s(n).
9
Let b(o) = -o**3 + 5*o**2 + o + 1. Let s = 298 - 258. Suppose -29*q = -156 + s. Calculate b(q).
21
Let z(y) = 10*y + 52. Let r = -1435 - -1430. Determine z(r).
2
Let j = -31 - -38. Suppose -2*u = -4*x + 20, 4*x - 1 = -u + j. Suppose 2*s + 15 = x*g, 4*s - 3*g + 0*g = -27. Let q(y) = y**2 + 5*y - 5. Give q(s).
1
Let a(h) = -3*h**2 - 13*h + 1. Let b(u) = 10*u**2 + 40*u - 12. Let o(t) = -7*a(t) - 2*b(t). Calculate o(-9).
-1
Let x(u) = -59*u - 2. Let k(n) = -45*n - 3. Let z(j) = -4*k(j) + 3*x(j). Calculate z(3).
15
Suppose -3*l - 4*w + 9 = 0, 18 - 43 = -4*l - w. Let v(c) = -l + 2*c**3 - 6*c**2 + c**3 - 2*c**3 - 6*c. Calculate v(7).
0
Let n(z) be the third derivative of -3*z**4/8 + 79*z**3/6 - 18*z**2 - 17*z + 2. Give n(11).
-20
Let f(q) = 4*q + 2*q + 2 - 1 + 0 - 5*q. Let i(x) = -5. Let y(p) = 2. Let d(t) = 3*i(t) + 8*y(t). Let c(u) = 4*d(u) + f(u). Calculate c(7).
12
Let h be (66 + -60)*78/(-12). Let t(z) = -4*z - 161. Calculate t(h).
-5
Let c(i) = i**3 - 14*i**2 - 3*i. Suppose 10*r - 254 - 222 = -24*r. Give c(r).
-42
Let k be 1 + 1 + -7 + 4. Let t(i) = -i - 3. Let z(p) = -1 + 3 - 6 + 5. Let c(g) = t(g) + 4*z(g). Give c(k).
2
Let z = 1039 - 1028. Let c(m) = 15*m - 173. Give c(z).
-8
Let c(f) = 54*f - f**3 - 4 - 147*f**2 + 13 + 122*f**2 + 0. Give c(-27).
9
Let i be 6/(-2)*(1 + 0). Suppose -5*q = 2*z - 298, 178 = 3*q - 0*z + z. Let u(s) = -s + 32 + s**2 + 3*s + 23 - q. What is u(i)?
0
Let p(j) = -j**3 - 8*j**2 - 6*j - 10. Suppose 23 = 4*f - 5*u, -4*f = -3*f + 4*u - 11. Suppose o - f = m, -2*o + 21 = -m - 2*m. Determine p(m).
-17
Let f(m) = m**3 + m**2 + 1. Let l(n) be the first derivative of n**4 - 2*n**3 - 9*n**2/2 + 5. Let s(y) = 5*f(y) - l(y). Determine s(-10).
15
Let p(z) = -88*z - 17 - 31 + 91*z + 99. What is p(-19)?
-6
Let s(g) = 2*g**2 - 3*g + 2. Let q(u) = -21*u - 418. Let y be q(-20). Give s(y).
4
Let t(g) = g**3 + 7*g**2 + 3*g - 5. Suppose 11*s - 20 = 15*s. Let f be t(s). Let k = 31 - f. Let v(y) = -7*y**2. What is v(k)?
-7
Let t(q) = -236*q - 24. Let n(k) = 109*k + 12. Let y(z) = 13*n(z) + 6*t(z). Calculate y(-22).
-10
Let a(u) = 9*u**3 + 25 - 5*u**2 + 3*u + 4*u - u + 2 - 10*u**3. Determine a(-5).
-3
Let i(w) = 2*w**2 - 2 - 4*w**3 - 1 + 5*w**3 + 5 - w. Let v(o) = o**2 - 7*o + 20. Let l be v(7). Suppose -13 = 11*q + l. Give i(q).
-4
Let b be ((-2)/1 - (1 + -1))*54/27. Let l(f) = f**3 + 4*f**2 - 6*f - 29. What is l(b)?
-5
Let u = 6 - 3. Let p = 670 + -676. Let n = p + u. Let w(x) = -x**2 + 3. Determine w(n).
-6
Let u = -107 + 118. Let p(k) = -3 + 7 - 4 + u*k**2. Determine p(1).
11
Let q be (1 - 0) + 1/1. Let a(i) be the first derivative of -2*i + 0*i**3 + 0*i**2 + 3/4*i**4 + 174. Calculate a(q).
22
Let g(x) = -x**3 - 3*x**2 + 5*x + 4. Let i be g(-4). Let k be (1 + 4)/(i + 1). Let h be (-3 - (-1 + k))*-1. Let n(j) = j - 1. Determine n(h).
6
Let f(v) = -3*v - 8. Let l(o) = -o**3 + 61*o**2 - 110*o - 476. Let w be l(59). Calculate f(w).
4
Let v(q) = 2*q + 3. Let b be 3 + -5 + (-2 - 0)*-23. Suppose 3*i = 3*r + 30, 0*i - b = -4*i + 5*r. Let j = -3 + i. What is v(j)?
9
Let r(z) = -542*z + 532*z - 1 + 36. Give r(3).
5
Suppos